 prime factors of 134753?
134753
What are the prime factors of 121620?
2, 3, 5, 2027
What are the prime factors of 5792?
2, 181
What are the prime factors of 849?
3, 283
List the prime factors of 502.
2, 251
What are the prime factors of 3106?
2, 1553
What are the prime factors of 174210?
2, 3, 5, 5807
List the prime factors of 1265.
5, 11, 23
List the prime factors of 5858.
2, 29, 101
What are the prime factors of 2684?
2, 11, 61
List the prime factors of 78888.
2, 3, 19, 173
List the prime factors of 5013.
3, 557
What are the prime factors of 1540?
2, 5, 7, 11
List the prime factors of 1176.
2, 3, 7
What are the prime factors of 10757?
31, 347
List the prime factors of 4378.
2, 11, 199
List the prime factors of 46477.
46477
List the prime factors of 49470.
2, 3, 5, 17, 97
List the prime factors of 2132.
2, 13, 41
List the prime factors of 34999.
31, 1129
List the prime factors of 10771.
10771
What are the prime factors of 19250?
2, 5, 7, 11
What are the prime factors of 3008?
2, 47
List the prime factors of 4132.
2, 1033
What are the prime factors of 5573?
5573
What are the prime factors of 15512?
2, 7, 277
List the prime factors of 316.
2, 79
What are the prime factors of 17891?
17891
What are the prime factors of 936?
2, 3, 13
List the prime factors of 5764.
2, 11, 131
List the prime factors of 3913.
7, 13, 43
List the prime factors of 971.
971
What are the prime factors of 22245?
3, 5, 1483
What are the prime factors of 17761?
17761
List the prime factors of 13521.
3, 4507
What are the prime factors of 835?
5, 167
List the prime factors of 22378.
2, 67, 167
List the prime factors of 34997.
79, 443
What are the prime factors of 158053?
7, 67, 337
List the prime factors of 5704.
2, 23, 31
What are the prime factors of 5182?
2, 2591
What are the prime factors of 1302?
2, 3, 7, 31
What are the prime factors of 13312?
2, 13
What are the prime factors of 1996?
2, 499
What are the prime factors of 11530?
2, 5, 1153
What are the prime factors of 7634?
2, 11, 347
What are the prime factors of 1989?
3, 13, 17
What are the prime factors of 8483?
17, 499
What are the prime factors of 72805?
5, 14561
What are the prime factors of 837?
3, 31
List the prime factors of 50803.
101, 503
List the prime factors of 18257.
18257
List the prime factors of 8705.
5, 1741
What are the prime factors of 3691?
3691
List the prime factors of 7258.
2, 19, 191
List the prime factors of 29.
29
List the prime factors of 427.
7, 61
List the prime factors of 997.
997
List the prime factors of 6057.
3, 673
What are the prime factors of 319?
11, 29
What are the prime factors of 6206?
2, 29, 107
List the prime factors of 32434.
2, 16217
List the prime factors of 85959.
3, 9551
List the prime factors of 82872.
2, 3, 1151
List the prime factors of 1239.
3, 7, 59
What are the prime factors of 365?
5, 73
List the prime factors of 20137.
13, 1549
What are the prime factors of 3582?
2, 3, 199
List the prime factors of 2990.
2, 5, 13, 23
What are the prime factors of 6684?
2, 3, 557
List the prime factors of 179.
179
What are the prime factors of 879?
3, 293
What are the prime factors of 25457?
25457
What are the prime factors of 19041?
3, 11, 577
List the prime factors of 807.
3, 269
What are the prime factors of 48394?
2, 24197
What are the prime factors of 16710?
2, 3, 5, 557
What are the prime factors of 85669?
85669
What are the prime factors of 37888?
2, 37
What are the prime factors of 4120?
2, 5, 103
List the prime factors of 2404.
2, 601
What are the prime factors of 939?
3, 313
List the prime factors of 15603.
3, 7, 743
List the prime factors of 13595.
5, 2719
List the prime factors of 5599.
11, 509
List the prime factors of 338.
2, 13
List the prime factors of 4489.
67
What are the prime factors of 41899?
11, 13, 293
List the prime factors of 1479.
3, 17, 29
List the prime factors of 1188.
2, 3, 11
List the prime factors of 13.
13
What are the prime factors of 6350?
2, 5, 127
What are the prime factors of 29173?
29173
List the prime factors of 30620.
2, 5, 1531
List the prime factors of 16248.
2, 3, 677
List the prime factors of 1429.
1429
What are the prime factors of 8154?
2, 3, 151
List the prime factors of 1001.
7, 11, 13
List the prime factors of 54710.
2, 5, 5471
What are the prime factors of 243?
3
What are the prime factors of 3146?
2, 11, 13
What are the prime factors of 4347?
3, 7, 23
List the prime factors of 40992.
2, 3, 7, 61
List the prime factors of 5335.
5, 11, 97
What are the prime factors of 2427?
3, 809
List the prime factors of 25690.
2, 5, 7, 367
List the prime factors of 282.
2, 3, 47
What are the prime factors of 365?
5, 73
List the prime factors of 101288.
2, 11, 1151
List the prime factors of 7223.
31, 233
List the prime factors of 4152.
2, 3, 173
List the prime factors of 5283.
3, 587
List the prime factors of 29071.
7, 4153
List the prime factors of 21418.
2, 10709
List the prime factors of 27886.
2, 73, 191
What are the prime factors of 9243?
3, 13, 79
List the prime factors of 7794.
2, 3, 433
What are the prime factors of 670?
2, 5, 67
List the prime factors of 8599.
8599
List the prime factors of 789.
3, 263
What are the prime factors of 143943?
3, 47981
List the prime factors of 31588.
2, 53, 149
What are the prime factors of 1462?
2, 17, 43
What are the prime factors of 7824?
2, 3, 163
What are the prime factors of 24238?
2, 12119
List the prime factors of 27322.
2, 19, 719
List the prime factors of 3323.
3323
What are the prime factors of 57357?
3, 6373
List the prime factors of 1953.
3, 7, 31
What are the prime factors of 13637?
13, 1049
List the prime factors of 21.
3, 7
What are the prime factors of 3584?
2, 7
List the prime factors of 26567.
31, 857
List the prime factors of 25685.
5, 11, 467
What are the prime factors of 8631?
3, 7, 137
List the prime factors of 45045.
3, 5, 7, 11, 13
List the prime factors of 1166.
2, 11, 53
What are the prime factors of 3013?
23, 131
What are the prime factors of 850?
2, 5, 17
List the prime factors of 483.
3, 7, 23
What are the prime factors of 9048?
2, 3, 13, 29
List the prime factors of 61612.
2, 73, 211
List the prime factors of 310.
2, 5, 31
List the prime factors of 917.
7, 131
List the prime factors of 6841.
6841
What are the prime factors of 31316?
2, 7829
List the prime factors of 191.
191
List the prime factors of 2126.
2, 1063
What are the prime factors of 38218?
2, 97, 197
List the prime factors of 3064.
2, 383
List the prime factors of 1327.
1327
List the prime factors of 82597.
151, 547
List the prime factors of 7229.
7229
List the prime factors of 27059.
27059
What are the prime factors of 178?
2, 89
List the prime factors of 442.
2, 13, 17
What are the prime factors of 37583?
7, 13, 59
What are the prime factors of 1035?
3, 5, 23
List the prime factors of 4264.
2, 13, 41
What are the prime factors of 2098?
2, 1049
What are the prime factors of 1552?
2, 97
What are the prime factors of 208?
2, 13
What are the prime factors of 12302?
2, 6151
What are the prime factors of 5064?
2, 3, 211
What are the prime factors of 1483?
1483
List the prime factors of 6074.
2, 3037
What are the prime factors of 42611?
42611
List the prime factors of 13961.
23, 607
What are the prime factors of 367?
367
List the prime factors of 1444.
2, 19
List the prime factors of 19562.
2, 9781
What are the prime factors of 42629?
47, 907
What are the prime factors of 8822?
2, 11, 401
List the prime factors of 650.
2, 5, 13
List the prime factors of 1429.
1429
What are the prime factors of 41959?
41959
What are the prime factors of 842?
2, 421
What are the prime factors of 182?
2, 7, 13
List the prime factors of 782.
2, 17, 23
List the prime factors of 38019.
3, 19, 23, 29
List the prime factors of 65664.
2, 3, 19
List the prime factors of 1485.
3, 5, 11
What are the prime factors of 2634?
2, 3, 439
List the prime factors of 24919.
24919
What are the prime factors of 2729?
2729
What are the prime factors of 107168?
2, 17, 197
List the prime factors of 83828.
2, 19, 1103
What are the prime factors of 2168?
2, 271
What are the prime factors of 63412?
2, 83, 191
List the prime factors of 6915.
3, 5, 461
What are the prime factors of 811?
811
What are the prime factors of 22554?
2, 3, 7, 179
What are the prime facto